906 and 30562.
118
Calculate the greatest common divisor of 300 and 305900.
100
What is the greatest common factor of 880 and 6875?
55
What is the greatest common divisor of 4460 and 4014?
446
What is the highest common factor of 168792 and 3072?
24
What is the highest common divisor of 142 and 4306?
2
Calculate the greatest common factor of 2030 and 20909.
203
What is the greatest common divisor of 5220 and 4248?
36
Calculate the highest common factor of 10653 and 636.
159
Calculate the greatest common factor of 4130 and 4060.
70
Calculate the highest common divisor of 3888 and 716688.
1296
What is the highest common divisor of 96 and 13630416?
48
Calculate the greatest common factor of 25807 and 985.
197
Calculate the greatest common divisor of 6399989 and 1163.
1163
What is the greatest common divisor of 387 and 74261?
43
Calculate the highest common factor of 25491 and 11427.
879
Calculate the greatest common factor of 739424 and 84.
28
Calculate the greatest common factor of 3401586 and 236.
118
Calculate the greatest common divisor of 56516 and 141688.
796
What is the greatest common factor of 504 and 4008?
24
What is the highest common factor of 44138 and 464?
58
Calculate the greatest common factor of 9900 and 105.
15
What is the highest common factor of 364220 and 60?
20
Calculate the highest common divisor of 137428 and 952.
68
What is the highest common factor of 19130346 and 18?
18
What is the greatest common divisor of 12744 and 216?
216
What is the highest common divisor of 12 and 13852?
4
What is the greatest common factor of 15402 and 1208?
302
What is the highest common divisor of 658225 and 100?
25
Calculate the greatest common divisor of 3829 and 500505.
547
Calculate the greatest common factor of 9291 and 7009.
163
Calculate the greatest common factor of 1084368 and 10788.
348
Calculate the greatest common divisor of 153 and 5287.
17
What is the greatest common divisor of 29652 and 456429?
1059
What is the greatest common divisor of 190 and 5310?
10
What is the highest common divisor of 4225300 and 25?
25
What is the greatest common factor of 62275 and 235?
235
What is the greatest common divisor of 7063 and 12362?
7
Calculate the greatest common factor of 3328 and 1417.
13
What is the highest common divisor of 4959561 and 2994?
1497
What is the greatest common divisor of 86052 and 408?
12
What is the greatest common factor of 483 and 119945?
161
Calculate the highest common factor of 13098 and 8850.
354
What is the greatest common divisor of 276 and 21068?
92
Calculate the highest common factor of 3 and 243141.
3
Calculate the highest common divisor of 73408 and 10323.
1147
What is the highest common factor of 715 and 13715?
65
What is the highest common factor of 12675 and 150?
75
What is the highest common factor of 7 and 48013?
7
Calculate the greatest common factor of 42572 and 812.
116
Calculate the highest common factor of 288 and 1152.
288
Calculate the highest common divisor of 486 and 20061.
27
Calculate the highest common factor of 776 and 7776.
8
Calculate the greatest common divisor of 759 and 176341.
253
Calculate the greatest common factor of 24555 and 10.
5
What is the greatest common factor of 6132 and 132?
12
Calculate the greatest common divisor of 18 and 1432413.
9
What is the highest common factor of 7220 and 180?
20
What is the greatest common factor of 68607 and 9?
9
What is the highest common factor of 96605 and 15?
5
What is the greatest common divisor of 9740 and 5?
5
Calculate the greatest common divisor of 222421 and 679.
97
What is the highest common factor of 2348 and 493667?
587
Calculate the highest common divisor of 639015 and 75.
15
Calculate the highest common factor of 25900 and 812.
28
What is the highest common divisor of 585 and 806?
13
What is the greatest common factor of 160 and 409610?
10
What is the highest common divisor of 733 and 1?
1
What is the greatest common divisor of 1383150 and 450?
150
Calculate the greatest common divisor of 132006 and 63.
21
What is the greatest common divisor of 27 and 103455?
9
What is the highest common factor of 41622 and 840?
42
What is the highest common factor of 3059 and 88844?
133
Calculate the greatest common factor of 80423 and 7.
7
What is the greatest common divisor of 180 and 91548?
36
Calculate the highest common factor of 8 and 214172.
4
What is the highest common divisor of 108 and 11946?
6
What is the highest common factor of 369 and 77941?
41
What is the greatest common factor of 809 and 1274175?
809
Calculate the highest common divisor of 200 and 4796200.
200
What is the highest common factor of 423 and 1865571?
141
What is the highest common factor of 4984 and 1050?
14
What is the greatest common factor of 42 and 10626?
42
Calculate the greatest common divisor of 9675870 and 37.
37
What is the greatest common divisor of 2070 and 819306?
414
What is the greatest common divisor of 3439 and 437?
19
Calculate the highest common divisor of 14288 and 8648.
376
What is the highest common factor of 1568 and 1806?
14
What is the highest common divisor of 1144 and 12936?
88
What is the greatest common divisor of 2816971 and 23?
23
What is the greatest common factor of 15690 and 830?
10
Calculate the highest common factor of 10540 and 1241.
17
What is the greatest common factor of 261 and 149379?
87
What is the highest common divisor of 442 and 135343?
13
Calculate the greatest common factor of 432072 and 55080.
1224
Calculate the greatest common factor of 2042 and 1002.
2
Calculate the highest common factor of 1681484 and 6714.
746
Calculate the greatest common factor of 487215 and 2025.
405
What is the highest common factor of 342 and 12942?
18
Calculate the highest common factor of 149 and 113.
1
Calculate the greatest common divisor of 1395408 and 21.
21
What is the highest common factor of 716074 and 51?
17
What is the highest common factor of 40377 and 1419?
129
Calculate the greatest common divisor of 165 and 15895.
55
What is the greatest common divisor of 6633 and 178019?
67
What is the greatest common divisor of 6200 and 1400?
200
Calculate the greatest common factor of 30 and 18738.
6
What is the greatest common factor of 295 and 2715?
5
What is the greatest common divisor of 502634 and 67?
67
What is the highest common factor of 172 and 37367?
43
What is the greatest common factor of 1457 and 334676?
31
What is the highest common divisor of 309 and 4770342?
309
Calculate the highest common factor of 6736 and 635710.
842
Calculate the highest common factor of 60 and 8076.
12
Calculate the greatest common factor of 11540 and 34.
2
Calculate the greatest common divisor of 25080 and 10.
10
What is the highest common factor of 38829 and 21?
21
Calculate the greatest common divisor of 422 and 93051.
211
What is the greatest common factor of 46139 and 145?
29
What is the highest common divisor of 44157 and 287?
41
What is the highest common factor of 52140 and 44556?
948
Calculate the greatest common factor of 82859 and 52955.
623
What is the highest common divisor of 19503 and 7029?
99
Calculate the greatest common factor of 33830 and 76615.
995
Calculate the highest common factor of 74 and 43.
1
Calculate the greatest common divisor of 33 and 81.
3
What is the greatest common factor of 35 and 26887?
7
Calculate the highest common divisor of 6 and 590322.
6
What is the greatest common divisor of 626 and 1364054?
626
Calculate the highest common factor of 63 and 69699.
21
Calculate the highest common factor of 1442466 and 631.
631
Calculate the highest common divisor of 588 and 487893.
147
What is the highest common factor of 2798 and 2?
2
Calculate the highest common divisor of 423 and 8163.
9
Calculate the highest common divisor of 161576 and 104174.
2126
Calculate the greatest common divisor of 119 and 126609.
7
Calculate the greatest common factor of 2226 and 1806.
42
What is the highest common factor of 4402596 and 396?
132
What is the highest common factor of 64 and 26408?
8
What is the highest common divisor of 9982 and 994?
14
Calculate the greatest common factor of 275 and 53375.
25
Calculate the greatest common divisor of 25483 and 544.
17
Calculate the greatest common divisor of 149670 and 1170.
90
Calculate the highest 